{"id":632,"date":"2026-01-18T03:41:29","date_gmt":"2026-01-18T00:41:29","guid":{"rendered":"http:\/\/yucelsarialtin.com\/videos\/la-experieoncia-de-nuestro-paciente-carlos-1-ano-transplantes-capilares\/"},"modified":"2026-01-18T03:41:29","modified_gmt":"2026-01-18T00:41:29","slug":"la-experieoncia-de-nuestro-paciente-carlos-1-ano-transplantes-capilares","status":"publish","type":"ec_video","link":"https:\/\/yucelsarialtin.com\/es\/videos\/la-experieoncia-de-nuestro-paciente-carlos-1-ano-transplantes-capilares","title":{"rendered":"LA EXPER\u0130EONC\u0130A DE NUESTRO PAC\u0130ENTE CARLOS ( 1 ANO ) TRANSPLANTES CAP\u0130LARES"},"content":{"rendered":"","protected":false},"featured_media":0,"template":"","meta":{"_acf_changed":false,"om_disable_all_campaigns":false,"_monsterinsights_skip_tracking":false,"_monsterinsights_sitenote_active":false,"_monsterinsights_sitenote_note":"","_monsterinsights_sitenote_category":0},"class_list":["post-632","ec_video","type-ec_video","status-publish","hentry"],"acf":[],"aioseo_notices":[],"_links":{"self":[{"href":"https:\/\/yucelsarialtin.com\/es\/wp-json\/wp\/v2\/ec_video\/632","targetHints":{"allow":["GET"]}}],"collection":[{"href":"https:\/\/yucelsarialtin.com\/es\/wp-json\/wp\/v2\/ec_video"}],"about":[{"href":"https:\/\/yucelsarialtin.com\/es\/wp-json\/wp\/v2\/types\/ec_video"}],"wp:attachment":[{"href":"https:\/\/yucelsarialtin.com\/es\/wp-json\/wp\/v2\/media?parent=632"}],"curies":[{"name":"wp","href":"https:\/\/api.w.org\/{rel}","templated":true}]}}

LA EXPERİEONCİA DE NUESTRO PACİENTE CARLOS ( 1 ANO ) TRANSPLANTES CAPİLARES
