{"id":6084,"date":"2026-01-23T07:16:43","date_gmt":"2026-01-23T04:16:43","guid":{"rendered":"http:\/\/yucelsarialtin.com\/hizmetlerimiz\/estetica-facial\/estetica-de-estiramiento-de-cuello\/"},"modified":"2026-02-04T07:33:08","modified_gmt":"2026-02-04T04:33:08","slug":"estetica-de-estiramiento-de-cuello","status":"publish","type":"ec_service","link":"https:\/\/yucelsarialtin.com\/es\/servicios\/estetica-facial\/estetica-de-estiramiento-de-cuello","title":{"rendered":"Est\u00e9tica de Estiramiento de Cuello"},"content":{"rendered":"<p>Una imagen perturbadora se forma en el cuello como resultado de la ca\u00edda y la flacidez que ocurren en la piel. El atornillo y la flacidez pueden provocar la desaparici\u00f3n del \u00e1ngulo entre el cuello y la barbilla. Esta situaci\u00f3n hace que la persona tenga un aspecto no est\u00e9tico y experimente problemas en la vida cotidiana.<\/p>\n<p>Los problemas experimentados por las opiniones del pueblo tienen un impacto muy grave en su estado mental. En algunas personas, la lubricaci\u00f3n tambi\u00e9n puede ocurrir en la zona de la papada, mientras que no es posible eliminar estos lubricantes con p\u00e9rdida de peso. La imagen no est\u00e9tica del cuello, especialmente como resultado de la progresi\u00f3n de la edad, se puede eliminar con \u00e9xito mediante cirug\u00eda de levantamiento de cuello.<\/p>\n<p>[OPERASYON_OZETI<\/p>\n<h2>\u00bfQui\u00e9n es adecuado?<\/h2>\n<p>La apariencia no est\u00e9tica del cuello generalmente resulta de un aumento excesivo de peso. Sin embargo, es inevitable tener flacidez en el cuello con la progresi\u00f3n de la edad de la gente. Esto se ve generalmente en personas con mand\u00edbula inferior de lo que deber\u00eda ser.<\/p>\n<p>Las personas que tienen exceso de peso pueden provocar abundancia de piel. Esta abundancia en la regi\u00f3n, que est\u00e1 presente bajo el ment\u00f3n y conocida como cosquillas, puede hacer a la gente bastante inc\u00f3moda.<\/p>\n<p>Ser\u00eda inevitable para la gente ganar peso excesivo y causar flacidez en el \u00e1rea del cuello como en todos sus cuerpos. La apariencia de la piel bajo el cuello es una de las condiciones indeseables debido al hecho de que la edad de la persona parece ser m\u00e1s de lo que tiene y no tiene la apariencia est\u00e9tica.<\/p>\n<p>Por lo tanto, es posible aplicar cirug\u00eda de levantamiento de cuello a esta persona y para eliminar esta condici\u00f3n con una sola operaci\u00f3n. Si tienen problemas que se mencionan anteriormente, definitivamente deben consultar a un especialista y averiguar si son adecuados para la cirug\u00eda de levantamiento de cuello.<\/p>\n<p>[YORUMLAR]<\/p>\n<h2>\u00bfC\u00f3mo se realiza?<\/h2>\n<p>La incisi\u00f3n hecha detr\u00e1s de la oreja se extiende al cuero cabelludo como la operaci\u00f3n de levantamiento facial. El cuello se estira hacia arriba de una manera predeterminada. Se retira el exceso de piel y la costura se realiza con \u00e9xito.<\/p>\n<p>Despu\u00e9s de la operaci\u00f3n, las arrugas del cuello estiradas se eliminan y el \u00e1ngulo de la barbilla se aclara y la persona tiene una apariencia m\u00e1s joven. El hecho de que el corte realizado en la cirug\u00eda se inicia desde la parte posterior del o\u00eddo asegura que no hay rastro visible.<\/p>\n<p>En algunos casos puede ser necesario recuperar la zona de la papada. En este caso, la condici\u00f3n y las expectativas del paciente se toman en consideraci\u00f3n.<\/p>\n<p>Si es necesario, es posible eliminar con \u00e9xito las grasas existentes y llevar a cabo el proceso de costura entrando en la zona de residuos. La liposucci\u00f3n tambi\u00e9n puede ser preferida por los m\u00e9dicos en este caso.<\/p>\n<p>Si cualquier aplicaci\u00f3n a las otras partes de la cara se realizar\u00e1 durante la operaci\u00f3n de levantamiento de cuello se determina de acuerdo a la condici\u00f3n y las expectativas del paciente. Si otras operaciones se van a realizar en la cara, la operaci\u00f3n tarda unas cinco horas.<\/p>\n<p>[ILGILI_HABERLER]<\/p>\n<h2>\u00bfQu\u00e9 debe tenerse en cuenta antes de la operaci\u00f3n?<\/h2>\n<p>Al igual que con todas las operaciones quir\u00fargicas, hay una serie de factores que deben tenerse en cuenta en la cirug\u00eda de levantamiento de cuello. Con el fin de evitar cualquier problema durante y despu\u00e9s de la cirug\u00eda, los factores que deben ser considerados por las personas pueden ser enumerados de la siguiente manera;<\/p>\n<ul>\n<li>No\u00a0obtenga medicamentos como la aspirina al menos dos semanas antes de la\u00a0cirug\u00eda<\/li>\n<li>Informe\u00a0a un m\u00e9dico si se est\u00e1 utilizando alg\u00fan\u00a0medicamento<\/li>\n<li>Informe\u00a0a un m\u00e9dico si se realiz\u00f3 una\u00a0operaci\u00f3n<\/li>\n<li>Deje\u00a0de fumar al menos dos semanas antes de la cirug\u00eda<\/li>\n<\/ul>\n<p>La gente, despu\u00e9s del primer mes de cirug\u00eda, no puede te\u00f1ir su cabello. As\u00ed que si quieren te\u00f1ir su cabello, deber\u00edan hacerlo antes de la cirug\u00eda. Tener el pelo largo ser\u00e1 una ventaja en esconderse.<\/p>\n<h2>\u00bfQu\u00e9 debe tenerse en cuenta despu\u00e9s de la operaci\u00f3n?<\/h2>\n<p>El drenaje colocado durante la cirug\u00eda de elevaci\u00f3n del cuello se toma un d\u00eda despu\u00e9s de la cirug\u00eda. Esto es para prevenir la acumulaci\u00f3n de l\u00edquido en la regi\u00f3n detr\u00e1s de la oreja. Las personas pueden ser dadas de alta despu\u00e9s del segundo d\u00eda.<\/p>\n<p>No hay ning\u00fan da\u00f1o en tomar una ducha dos d\u00edas despu\u00e9s de la cirug\u00eda. La gente no debe preocuparse si hay entumecimiento en el \u00e1rea del cuello.<\/p>\n<p>Aunque esta situaci\u00f3n es bastante normal, puede pasar en poco tiempo. La realizaci\u00f3n de compresas de hielo despu\u00e9s de la cirug\u00eda es eficaz para acelerar el proceso de curaci\u00f3n.<\/p>\n<h2>No obtenga medicamentos como la aspirina al menos dos semanas antes de la cirug\u00eda<\/h2>\n<p>La gente debe evitar el trabajo que requiere fuerza f\u00edsica. En particular, la zona del cuello debe protegerse contra posibles impactos y traumas. La gente debe considerar que el \u00e1rea es muy sensible.<\/p>\n<p>Es muy importante mantener la regi\u00f3n higi\u00e9nica para prevenir la infecci\u00f3n. Durante el primer mes despu\u00e9s de la cirug\u00eda, las personas deben evitar la sauna y el ba\u00f1o de vapor. Si la hinchaz\u00f3n y el edema ocurren en la zona, las personas no necesitan solicitar ninguna aplicaci\u00f3n adicional.<\/p>\n<h2>\u00bfCu\u00e1les son los riesgos de la operaci\u00f3n?<\/h2>\n<p>El sangrado y la infecci\u00f3n, que probablemente se observan en todas las operaciones, son algunos de los riesgos de la cirug\u00eda de levantamiento de cuello. Estos riesgos pueden ocurrir muy raramente.<\/p>\n<p>Si se produce sangrado durante la operaci\u00f3n, el m\u00e9dico aplica el tratamiento de drenaje o la transfusi\u00f3n de sangre sin perder tiempo. Para reducir el riesgo de hemorragia, la persona debe dejar de tomar medicamentos como la aspirina hasta dos semanas antes de la cirug\u00eda.<\/p>\n<p>La gente que tiene hipertensi\u00f3n puede causar riesgo de sangrado durante o despu\u00e9s de la cirug\u00eda. Para reducir el riesgo de hemorragia durante la cirug\u00eda, la persona debe dejar de tomar medicamentos como la aspirina hasta dos semanas antes de la cirug\u00eda.<\/p>\n<p>Las personas con hipertensi\u00f3n pueden causar riesgo de sangrado durante o despu\u00e9s de la cirug\u00eda. Al mismo tiempo, esta situaci\u00f3n puede causar rastros en el \u00e1rea donde se produce el sangrado.<\/p>\n<p>En el procedimiento de elevaci\u00f3n del cuello, la probabilidad de cicatrices se ha reducido considerablemente debido al uso de tecnolog\u00edas de desarrollo. Sin embargo, algunos factores pueden causar rastros.<\/p>\n<p>Estos factores son el tabaquismo y las infecciones. Es posible realizar un tratamiento adicional en los casos en que la persona tiene un signo que ser\u00e1 inc\u00f3modo.<\/p>\n<p>Es probable que la p\u00e9rdida de cabello ocurra en la zona donde se extrae el cabello. En raras ocasiones, puede producirse da\u00f1o a los nervios.<\/p>\n<p>Los nervios que pueden da\u00f1arse incluyen el motor y los nervios sensoriales. Como resultado, la debilidad o p\u00e9rdida puede ocurrir en los movimientos realizados en el porcentaje.<\/p>\n<p>Esta situaci\u00f3n, que hace que los movimientos en la cara no se realicen temporal o permanentemente, puede afectar negativamente la vida cotidiana de las personas. Sin embargo, estos riesgos surgen muy raramente con el uso efectivo de tecnolog\u00edas de desarrollo en el sector de la salud.<\/p>\n<p>La gente no debe olvidar que no es posible detener el envejecimiento en el \u00e1rea del cuello por cirug\u00eda de levantamiento de cuello. Por esta raz\u00f3n, las personas deben ser conscientes del riesgo de que la flacidez puede ocurrir raramente en casos como la progresi\u00f3n de la edad, aumento de peso y permanecer mucho tiempo bajo la luz del sol.<\/p>\n<p>La operaci\u00f3n se puede repetir correctamente si es necesario. Por lo tanto, las personas no necesitan preocuparse por estos riesgos. Debe tenerse en cuenta que la cirug\u00eda realizada por un m\u00e9dico en su campo en un centro de salud totalmente equipado es muy eficaz en la reducci\u00f3n de los riesgos de la cirug\u00eda.<\/p>\n","protected":false},"excerpt":{"rendered":"<p>Una imagen perturbadora se forma en el cuello como resultado de la ca\u00edda y la flacidez que ocurren en la piel. El atornillo y la flacidez pueden provocar la desaparici\u00f3n&#8230;<\/p>\n","protected":false},"featured_media":6085,"parent":5990,"menu_order":0,"template":"","meta":{"_acf_changed":false,"om_disable_all_campaigns":false,"_monsterinsights_skip_tracking":false,"_monsterinsights_sitenote_active":false,"_monsterinsights_sitenote_note":"","_monsterinsights_sitenote_category":0},"ec_service_category":[109],"ec_service_type":[],"class_list":["post-6084","ec_service","type-ec_service","status-publish","has-post-thumbnail","hentry","ec_service_category-cara"],"acf":[],"aioseo_notices":[],"_links":{"self":[{"href":"https:\/\/yucelsarialtin.com\/es\/wp-json\/wp\/v2\/ec_service\/6084","targetHints":{"allow":["GET"]}}],"collection":[{"href":"https:\/\/yucelsarialtin.com\/es\/wp-json\/wp\/v2\/ec_service"}],"about":[{"href":"https:\/\/yucelsarialtin.com\/es\/wp-json\/wp\/v2\/types\/ec_service"}],"up":[{"embeddable":true,"href":"https:\/\/yucelsarialtin.com\/es\/wp-json\/wp\/v2\/ec_service\/5990"}],"wp:featuredmedia":[{"embeddable":true,"href":"https:\/\/yucelsarialtin.com\/es\/wp-json\/wp\/v2\/media\/6085"}],"wp:attachment":[{"href":"https:\/\/yucelsarialtin.com\/es\/wp-json\/wp\/v2\/media?parent=6084"}],"wp:term":[{"taxonomy":"ec_service_category","embeddable":true,"href":"https:\/\/yucelsarialtin.com\/es\/wp-json\/wp\/v2\/ec_service_category?post=6084"},{"taxonomy":"ec_service_type","embeddable":true,"href":"https:\/\/yucelsarialtin.com\/es\/wp-json\/wp\/v2\/ec_service_type?post=6084"}],"curies":[{"name":"wp","href":"https:\/\/api.w.org\/{rel}","templated":true}]}}

Estética de Estiramiento de Cuello

<p>Una imagen perturbadora se forma en el cuello como resultado de la caída y la flacidez que ocurren en la piel. El atornillo y la flacidez pueden provocar la desaparición del ángulo entre el cuello y la barbilla. Esta situación hace que la persona tenga un aspecto no estético y experimente problemas en la vida cotidiana.</p>
<p>Los problemas experimentados por las opiniones del pueblo tienen un impacto muy grave en su estado mental. En algunas personas, la lubricación también puede ocurrir en la zona de la papada, mientras que no es posible eliminar estos lubricantes con pérdida de peso. La imagen no estética del cuello, especialmente como resultado de la progresión de la edad, se puede eliminar con éxito mediante cirugía de levantamiento de cuello.</p>
<p>[OPERASYON_OZETI</p>
<h2>¿Quién es adecuado?</h2>
<p>La apariencia no estética del cuello generalmente resulta de un aumento excesivo de peso. Sin embargo, es inevitable tener flacidez en el cuello con la progresión de la edad de la gente. Esto se ve generalmente en personas con mandíbula inferior de lo que debería ser.</p>
<p>Las personas que tienen exceso de peso pueden provocar abundancia de piel. Esta abundancia en la región, que está presente bajo el mentón y conocida como cosquillas, puede hacer a la gente bastante incómoda.</p>
<p>Sería inevitable para la gente ganar peso excesivo y causar flacidez en el área del cuello como en todos sus cuerpos. La apariencia de la piel bajo el cuello es una de las condiciones indeseables debido al hecho de que la edad de la persona parece ser más de lo que tiene y no tiene la apariencia estética.</p>
<p>Por lo tanto, es posible aplicar cirugía de levantamiento de cuello a esta persona y para eliminar esta condición con una sola operación. Si tienen problemas que se mencionan anteriormente, definitivamente deben consultar a un especialista y averiguar si son adecuados para la cirugía de levantamiento de cuello.</p>
<p>[YORUMLAR]</p>
<h2>¿Cómo se realiza?</h2>
<p>La incisión hecha detrás de la oreja se extiende al cuero cabelludo como la operación de levantamiento facial. El cuello se estira hacia arriba de una manera predeterminada. Se retira el exceso de piel y la costura se realiza con éxito.</p>
<p>Después de la operación, las arrugas del cuello estiradas se eliminan y el ángulo de la barbilla se aclara y la persona tiene una apariencia más joven. El hecho de que el corte realizado en la cirugía se inicia desde la parte posterior del oído asegura que no hay rastro visible.</p>
<p>En algunos casos puede ser necesario recuperar la zona de la papada. En este caso, la condición y las expectativas del paciente se toman en consideración.</p>
<p>Si es necesario, es posible eliminar con éxito las grasas existentes y llevar a cabo el proceso de costura entrando en la zona de residuos. La liposucción también puede ser preferida por los médicos en este caso.</p>
<p>Si cualquier aplicación a las otras partes de la cara se realizará durante la operación de levantamiento de cuello se determina de acuerdo a la condición y las expectativas del paciente. Si otras operaciones se van a realizar en la cara, la operación tarda unas cinco horas.</p>
<p>[ILGILI_HABERLER]</p>
<h2>¿Qué debe tenerse en cuenta antes de la operación?</h2>
<p>Al igual que con todas las operaciones quirúrgicas, hay una serie de factores que deben tenerse en cuenta en la cirugía de levantamiento de cuello. Con el fin de evitar cualquier problema durante y después de la cirugía, los factores que deben ser considerados por las personas pueden ser enumerados de la siguiente manera;</p>
<ul>
<li>No obtenga medicamentos como la aspirina al menos dos semanas antes de la cirugía</li>
<li>Informe a un médico si se está utilizando algún medicamento</li>
<li>Informe a un médico si se realizó una operación</li>
<li>Deje de fumar al menos dos semanas antes de la cirugía</li>
</ul>
<p>La gente, después del primer mes de cirugía, no puede teñir su cabello. Así que si quieren teñir su cabello, deberían hacerlo antes de la cirugía. Tener el pelo largo será una ventaja en esconderse.</p>
<h2>¿Qué debe tenerse en cuenta después de la operación?</h2>
<p>El drenaje colocado durante la cirugía de elevación del cuello se toma un día después de la cirugía. Esto es para prevenir la acumulación de líquido en la región detrás de la oreja. Las personas pueden ser dadas de alta después del segundo día.</p>
<p>No hay ningún daño en tomar una ducha dos días después de la cirugía. La gente no debe preocuparse si hay entumecimiento en el área del cuello.</p>
<p>Aunque esta situación es bastante normal, puede pasar en poco tiempo. La realización de compresas de hielo después de la cirugía es eficaz para acelerar el proceso de curación.</p>
<h2>No obtenga medicamentos como la aspirina al menos dos semanas antes de la cirugía</h2>
<p>La gente debe evitar el trabajo que requiere fuerza física. En particular, la zona del cuello debe protegerse contra posibles impactos y traumas. La gente debe considerar que el área es muy sensible.</p>
<p>Es muy importante mantener la región higiénica para prevenir la infección. Durante el primer mes después de la cirugía, las personas deben evitar la sauna y el baño de vapor. Si la hinchazón y el edema ocurren en la zona, las personas no necesitan solicitar ninguna aplicación adicional.</p>
<h2>¿Cuáles son los riesgos de la operación?</h2>
<p>El sangrado y la infección, que probablemente se observan en todas las operaciones, son algunos de los riesgos de la cirugía de levantamiento de cuello. Estos riesgos pueden ocurrir muy raramente.</p>
<p>Si se produce sangrado durante la operación, el médico aplica el tratamiento de drenaje o la transfusión de sangre sin perder tiempo. Para reducir el riesgo de hemorragia, la persona debe dejar de tomar medicamentos como la aspirina hasta dos semanas antes de la cirugía.</p>
<p>La gente que tiene hipertensión puede causar riesgo de sangrado durante o después de la cirugía. Para reducir el riesgo de hemorragia durante la cirugía, la persona debe dejar de tomar medicamentos como la aspirina hasta dos semanas antes de la cirugía.</p>
<p>Las personas con hipertensión pueden causar riesgo de sangrado durante o después de la cirugía. Al mismo tiempo, esta situación puede causar rastros en el área donde se produce el sangrado.</p>
<p>En el procedimiento de elevación del cuello, la probabilidad de cicatrices se ha reducido considerablemente debido al uso de tecnologías de desarrollo. Sin embargo, algunos factores pueden causar rastros.</p>
<p>Estos factores son el tabaquismo y las infecciones. Es posible realizar un tratamiento adicional en los casos en que la persona tiene un signo que será incómodo.</p>
<p>Es probable que la pérdida de cabello ocurra en la zona donde se extrae el cabello. En raras ocasiones, puede producirse daño a los nervios.</p>
<p>Los nervios que pueden dañarse incluyen el motor y los nervios sensoriales. Como resultado, la debilidad o pérdida puede ocurrir en los movimientos realizados en el porcentaje.</p>
<p>Esta situación, que hace que los movimientos en la cara no se realicen temporal o permanentemente, puede afectar negativamente la vida cotidiana de las personas. Sin embargo, estos riesgos surgen muy raramente con el uso efectivo de tecnologías de desarrollo en el sector de la salud.</p>
<p>La gente no debe olvidar que no es posible detener el envejecimiento en el área del cuello por cirugía de levantamiento de cuello. Por esta razón, las personas deben ser conscientes del riesgo de que la flacidez puede ocurrir raramente en casos como la progresión de la edad, aumento de peso y permanecer mucho tiempo bajo la luz del sol.</p>
<p>La operación se puede repetir correctamente si es necesario. Por lo tanto, las personas no necesitan preocuparse por estos riesgos. Debe tenerse en cuenta que la cirugía realizada por un médico en su campo en un centro de salud totalmente equipado es muy eficaz en la reducción de los riesgos de la cirugía.</p>

<p>Una imagen perturbadora se forma en el cuello como resultado de la caída y la flacidez que ocurren en la piel. El atornillo y la flacidez pueden provocar la desaparición&#8230;</p>
